nder when f is divided by 15.
13
What is the remainder when (22/2)/(7 - 6) is divided by 7?
4
Let w = -4 - -5. Let s(z) = 53*z**3 - z**2. Let u be s(w). Calculate the remainder when (u*-1)/(-2) - -2 is divided by 15.
13
Let u(v) = -v**2 + 9*v - 9. Let h be u(7). Let z = 8 - h. Suppose -3*n + 3*y + 19 = -n, -5*y = -2*n + 21. Calculate the remainder when n is divided by z.
2
Suppose 0 = -11*k + 7*k - 8. Let h = 3 - k. What is the remainder when h is divided by (-13)/(-5) + (-4)/(-10)?
2
Let l(r) = -r**2 - 13*r + 4. Let c be l(-10). Suppose c = d + 4*t, 3*t - t = -2*d + 38. Suppose 0 = 3*s - 62 - 61. What is the remainder when s is divided by d?
13
Let u(t) = -t + 21. Let c = -716 + 724. Calculate the remainder when u(0) is divided by c.
5
What is the remainder when (2 + -1)/((12/(-57))/(-4)) is divided by 16?
3
Let l(d) = d**2 + 2. Let f be l(2). Suppose -85 = -f*a + a. Calculate the remainder when 50 is divided by a.
16
Let u = 32 + -18. Calculate the remainder when 27 is divided by u.
13
Suppose -112 = o - 5*o. What is the remainder when o is divided by 15?
13
Let c(x) = x**2 - 3*x + 5. Let l(r) = r - 2. Let n(f) = -2*c(f) - 5*l(f). Let w be n(4). Let v = -13 - w. Calculate the remainder when 29 is divided by v.
14
Suppose 0 = 4*s - 188 - 24. Let h = s - 24. Calculate the remainder when 84 is divided by h.
26
Let z = 240 + -144. Suppose 5*j - z = j. Suppose -5*l = -4*l - j. Calculate the remainder when l is divided by 13.
11
Let c = 22 - -2. Let q be (9/(-3))/((-1)/17). Let u = q - c. Calculate the remainder when u is divided by 14.
13
Suppose -2*r = -0*r - 86. Let l be r/9 + (-4)/(-18). Let h(m) = 2*m**2 - 3*m + 2. Calculate the remainder when h(l) is divided by 19.
18
What is the remainder when (-20)/150 + (-424)/(-30) is divided by 4?
2
Let z(x) = -x**3 + 9*x**2 + 12*x - 15. Calculate the remainder when 17 is divided by z(10).
2
Suppose -6*n + 2*n - j + 149 = 0, 5*n - 202 = 4*j. Let p(b) = 2 - 2 + 6*b + 1. What is the remainder when n is divided by p(2)?
12
Let b(f) = f + 12. What is the remainder when 48 is divided by b(13)?
23
Let l = 16 - 22. Let n(k) = k**2 + 2*k + 7. What is the remainder when n(l) is divided by (0 + 11)/((-1)/(-1))?
9
What is the remainder when 19 is divided by 30/5 + -6 + (-4)/(-1)?
3
Suppose 5*g + 0*g - 85 = 0. Suppose 5*y - 10 = 4*j + g, y - 3*j = 1. Let a = 46 - 26. Calculate the remainder when a is divided by y.
6
Let h(t) be the second derivative of t**2 + 0 + t + 3/2*t**3 - 1/12*t**4. Calculate the remainder when h(5) is divided by 12.
10
Suppose 42 = 2*g - 2*z + 14, 4*z - 49 = -3*g. Suppose 382*m + 118 = 384*m. Calculate the remainder when m is divided by g.
14
Let c(g) = g**3 + 12*g**2 + 8*g - 11. What is the remainder when c(-11) is divided by 12?
10
Let s be (-9)/3 - (0 - 12). Let p = s - 4. Calculate the remainder when 1/(-1) - 28/(-2) is divided by p.
3
Let g = 31 + -17. Let l(h) = h**3 - 21*h**2 - 20*h - 37. Calculate the remainder when l(22) is divided by 52/g + (-2)/(-7).
3
Let f = -28 - 5. Let b = f + 48. Calculate the remainder when 7 is divided by (-6)/5*b/(-6).
1
Suppose -2*p = -p - 8. What is the remainder when 11 is divided by p?
3
Let f(c) = -c**2 - 11*c. Let n be f(-10). Suppose -z = -5*s + 2*s + n, -s = -4*z - 18. Calculate the remainder when 20 is divided by 404/36 + z/18.
9
Let y = 409 - 387. Calculate the remainder when y is divided by (-1 - -14) + (0 - 0).
9
Suppose 5*i - p - 14 = 0, -2*i + 5*p = -0*p - 24. Suppose 3*j + 5*x - 112 = 0, -i*x - 8 = -6*x. What is the remainder when j is divided by 18?
16
Suppose 2*x = -4*b + 72, -5*b + 10 = -4*x + 128. Calculate the remainder when x is divided by (2 + -36)/(-1 - 1).
15
Calculate the remainder when 34/6*(11 + -2) is divided by 27.
24
Let s(j) = j**2 + 18*j + 12. Calculate the remainder when s(-18) is divided by 4.
0
Calculate the remainder when 35 is divided by 22 + 3*-2 + 3.
16
Let k(m) = 11*m + 18. Calculate the remainder when 252 is divided by k(3).
48
Suppose 0 = -3*k + 7*k - l - 271, l = k - 70. What is the remainder when k is divided by 69/(-6)*(1 + -3)?
21
Suppose 6*a = 2*a - 384. What is the remainder when 31 is divided by (12/8)/((-9)/a)?
15
Let i(j) = -j**2 - 3*j - 2. Let t be i(-2). Suppose t = -6*r + 2*r + 32. What is the remainder when 14 is divided by r?
6
Suppose h + 3*h - 3*f - 152 = 0, 4*h - 152 = -3*f. What is the remainder when 149 is divided by h?
35
Suppose 0*o - 4*o + 136 = 0. What is the remainder when o is divided by 7?
6
Let d = 28 - 16. Suppose -3*q - o = -13, 3*q + 3 = 3*o - 0*o. Suppose 3*z + z = -p + 85, 3*z - q*p = 75. Calculate the remainder when z is divided by d.
10
Suppose -106 = -5*m - 2*o + 277, 232 = 3*m - o. Calculate the remainder when m is divided by 20.
17
Let z be 4 + (2 + -1)/(-1). Let h(d) = 4*d**2 + 3*d**3 + 2*d - 4*d**z + 0*d + 4. What is the remainder when h(4) is divided by 7?
5
Let y = -21 + 55. Let a = y - 23. What is the remainder when a is divided by 4?
3
Let t(b) = 24*b**3 + 2*b**2 + 2*b - 7. Calculate the remainder when t(2) is divided by 67.
63
Let m = -18 - -40. Let x = m + -1. What is the remainder when 81 is divided by x?
18
Let o be (-1)/((-2)/476*2). Suppose -5*j + o = 39. What is the remainder when j is divided by 6?
4
Suppose 0 = -2*r + 4*g + 54, -r + 26 = -g + 2. What is the remainder when 83 is divided by r?
20
Let q(m) = m**2 - m + 3. Let l(v) = 3 - 13 + 2*v + 7*v - v**2. Let c be l(7). What is the remainder when 44 is divided by q(c)?
14
Suppose 2*d = -2*b + 12, 3*d + d = 5*b - 3. What is the remainder when ((-57)/(-9))/(1/d) is divided by 10?
9
What is the remainder when 101 is divided by (-6 + (0 - -4))*-13?
23
Suppose 3*u - q = q + 119, -2*u - q + 70 = 0. Let s(h) = -76*h**3 - h**2 + h. Let c be s(1). Calculate the remainder when u is divided by (-3)/(-9) - c/6.
11
Suppose u - 13 - 6 = -2*h, 3*h + 9 = u. Let p be -8 + 1*(-3)/(-3). Let g = p + u. What is the remainder when 15 is divided by g?
7
Let t(o) = o**2 - 9*o + 10. Let h be t(7). Let r(i) = 4*i**2 - 3*i + 7. What is the remainder when r(h) is divided by 21?
20
Let g be 1/2 + 58/4. Suppose w + x - 11 = 0, 0 = 2*x - 5 + g. Suppose 4*y = 20, 3*y + 0*y = 4*l - 105. What is the remainder when l is divided by w?
14
Suppose -4 = -3*j - 3*k - 1, -5*j = -4*k - 50. Suppose -3*o = -29 - 1. What is the remainder when o is divided by j?
4
Let n(x) = x**3 - x**2 - 2. Calculate the remainder when (-12 + 2)/(12/(-6)) is divided by n(2).
1
Suppose -2*u = -m + 14, 5*m - 73 + 23 = 5*u. Calculate the remainder when 34 is divided by m.
4
Let h(a) = -a**2 - 4*a + 1. Let f be h(-2). Suppose -b - 4*b - 3*u = 40, -3*b + 4*u = -f. What is the remainder when 3 + b - (-17 - 0) is divided by 9?
6
What is the remainder when 37 is divided by (8 - -7)/((-6)/(-8))?
17
Suppose 0 = 3*q + 3*m - 57, -3*q + 57 = m. Calculate the remainder when 52 is divided by q.
14
Let r = -8 - -76. Suppose m = -m + r. Suppose -5*n + z + 60 = -0*z, -2*z = 0. What is the remainder when m is divided by n?
10
Let r(j) = 4*j - 16. Calculate the remainder when 28 is divided by r(8).
12
Let w(z) = z**2 + 1. Let s be w(-2). Suppose -s*b + 22 + 48 = 0. Calculate the remainder when 40 is divided by b.
12
Let q(x) = x**3 - 2*x**2 + 2*x + 78. What is the remainder when q(0) is divided by 9?
6
Suppose w - 67 + 4 = 0. Suppose -7*f + 2*f + u + 76 = 0, 3*u = -5*f + 92. Calculate the remainder when w is divided by f.
15
Let x be 2/8 + (-350)/(-8). Suppose 0 = 5*i + k + x, -2*k = 3*i - 4*k + 29. What is the remainder when 67 is divided by (-3)/i*-1*-69?
21
Let i(d) = 4*d**2 + d. Let h be i(-1). Let n = h + 1. Suppose c + 0*c = 10. What is the remainder when c is divided by n?
2
Let m be 21/4 - (-2)/(-8). Suppose 4*x = 239 + 113. Suppose m*c = c + x. Calculate the remainder when c is divided by 8.
6
Let q = 23 - 16. Let t = q - 8. Calculate the remainder when 4/(t - 21/(-19)) is divided by 10.
8
Let q = -3 - -6. Suppose 136 = q*x + 13. What is the remainder when x is divided by 14?
13
Let q(p) be the third derivative of -p**6/120 + p**5/20 + p**4/12 + p**3/3 - p**2. What is the remainder when q(-2) is divided by -3 - (13*-2)/2?
8
Let u(b) = b**3 + 3*b**2 - 4*b + 8. What is the remainder when 53 is divided by u(-3)?
13
Suppose 5*p - 15 = 6*g - 5*g, 4*g + 20 = 0. Suppose x + 4 - 6 = 0. C